 Calculate h(7).
14
Let f(z) = -16*z**3 + 2*z**2 - 2*z + 1. Suppose 2920 = -5*n - 5*v, 0 = 3*n - 7*n - 2*v - 2344. Let x = n + 589. What is f(x)?
-15
Suppose 23 - 88 = -13*v. Suppose v*q - 3*f = 8, f = q + 3*f + 1. Let j(z) = 2*z - 1. Give j(q).
1
Let i(h) = h + 10. Let r be (-24)/8 - (0 + 6). Let c be i(r). Let j(x) = -7*x + 10*x - 4*x + 0*x. Give j(c).
-1
Let m(n) be the second derivative of n**5/20 - 3*n**4/4 + 5*n**3/6 + 1475*n. Determine m(9).
45
Let d(n) = -20*n**2 - 3*n - 1. Let c(w) = -122*w**2 - 22*w + 35. Let l(v) = -c(v) + 6*d(v). What is l(0)?
-41
Let u(y) = 14*y - 16*y**2 - 22*y**2 + 32*y**2 - 14. Let v be u(1). Let s(l) = -l - 6. What is s(v)?
0
Let d(v) = -3*v**2 - 61*v + 130. Let y be d(2). Let g(s) = 6*s**2 + 4*s + 3. Determine g(y).
83
Let g be (-207)/(-15) - (-96)/(-120). Let o(j) = -3*j + 24. What is o(g)?
-15
Suppose -83*o + 11*b = -84*o + 96, -4*o - 48 = -4*b. Let l(i) = 27*i + 41. What is l(o)?
-40
Let n(x) = 85 + x**3 - 65 + 26*x**2 + 25*x - x**2. Let f be n(-24). Let a(h) = -h**3 - 4*h**2 + 3*h + 6. What is a(f)?
-6
Let z(t) be the second derivative of -t**4/12 + 11*t**3/6 + 6*t**2 + t. Suppose 2*j = -33*s + 32*s + 25, 3*j + 3*s = 48. Determine z(j).
30
Let g(q) = 56*q**2 - 2*q + 1. Suppose 8*f + 22 = 10*f + 4*z, -5*f = -z. Calculate g(f).
55
Let i = -12618 - -12641. Let l(s) = -s**3 + 22*s**2 + 26*s - 7. What is l(i)?
62
Let r(a) be the third derivative of 3*a**5/20 - a**4/24 + 25*a**3/6 + 8*a**2. Let k(v) be the first derivative of r(v). Determine k(1).
17
Let a(q) = 5*q**2 - q - 109. Let g(c) = c**2 - 27. Let k(r) = a(r) - 4*g(r). Let u = -5 - -4. Give k(u).
1
Let b(o) be the third derivative of -7*o**4/12 - o**3/3 + 3*o**2 + 6*o. Let z = 310 + -311. Calculate b(z).
12
Let w(d) = 20*d**3 + 37*d**2 + 17*d - 5. Let v(f) = 9*f - 3*f + 40008*f**2 - 39995*f**2 - 2 + 7*f**3. Let o(g) = 17*v(g) - 6*w(g). Determine o(-3).
14
Suppose 3*q - 5*p - 27 = 0, -8*q = -12*q - 5*p - 69. Let o(b) = -28*b - 19. Calculate o(q).
149
Let b be (36/45)/((-2)/(-5)). Suppose 0 = -8*f + b*f. Let h(s) be the third derivative of -s**5/60 + s**4/24 - 10*s**3/3 - 93*s**2. What is h(f)?
-20
Let m(t) = -186 - 201 + 793 + 44*t + t**3 + 23*t**2 - 195 - 192. What is m(-21)?
-23
Suppose -a + 216 = -13*a. Let f(v) = 5*v + 91. Let s be f(a). Let u(l) = 12*l**2 - l - 1. Calculate u(s).
10
Let g(o) = 4*o**2 + 347*o + 1945. Let s be g(-6). Let j(x) = 24*x - 22. What is j(s)?
146
Suppose -58 + 33 = -5*b. Let m(d) = 15*d**3 - 8*d - 5. Let q(g) = 11*g**3 - 5*g - 3. Let o(y) = b*m(y) - 8*q(y). Let r be 3/4 + 1/4. Give o(r).
-14
Let p = 346 - 331. Suppose 57 = 7*y + p. Let k(w) = -3*w + 2. Give k(y).
-16
Let q(z) = -6*z**3 + 52*z**2 + z + 29. Let t(h) = 10*h**3 - 78*h**2 - h - 44. Let k(n) = 8*q(n) + 5*t(n). What is k(-13)?
-27
Let s(p) = 28*p + 148 - 6*p - 16 - 5*p - 8*p. Give s(-15).
-3
Let t(b) = -7*b**3 + 4*b**2 - 27*b - 15. Let p(r) = 2*r**3 + r**2 + 9*r + 1. Let s(j) = 4*p(j) + t(j). Give s(-7).
-25
Let h = -36 - -47. Let k = -8 + h. Let a(v) be the third derivative of v**4/6 + v**3/2 + 8*v**2. Give a(k).
15
Let t(l) be the first derivative of -2*l**3/3 - 45*l**2/2 - 196*l - 1441. Determine t(-6).
2
Let z = 6141 + -6162. Let y(x) = -x**2 - 18*x + 70. What is y(z)?
7
Let t(x) = -4*x**2 - 11*x + 13. Let k(r) = -3*r**2 + 54*r - 3. Let v be k(18). Let y be t(v). Let g(q) = -q**2 + 10*q. What is g(y)?
0
Let n(a) be the second derivative of a**4/12 + 2*a**3/3 - 7*a**2/2 + 868*a + 2. Let q = 7 + -1. Suppose 5*c = -z - 21, -q*z + z = -20. Determine n(c).
-2
Let i(b) = -b**3 + b**2 + 4*b - 1. Let a(z) = 4*z**3 + 4*z**2 - 21*z - 1. Let v(q) = a(q) + 3*i(q). Let n = -5 + -3. Determine v(n).
4
Let h = 8 + -2. Suppose 2*y - 302 = -286. Let j(n) = 7*n + 5 - 16*n + y*n. Give j(h).
-1
Let o(k) = 4*k - 6*k + 3*k + 13*k**2 - 2*k**2. Let p be ((-42)/28)/((-1)/(-2) - -1). Determine o(p).
10
Suppose -4*f - 2*d - 157 = -3*d, 5*d + 165 = -5*f. Let x = -36 - f. Let c(r) = -2*r**3 + 3*r**2 - 2*r + 1. What is c(x)?
-7
Let i(v) be the second derivative of v**3/2 + 33*v**2/2 + 7*v + 177. Determine i(-12).
-3
Suppose 4*j - 14 = -4*x + 9*x, -2*j + 8 = -3*x. Let k(c) = j - 5*c - 22*c + 26*c - 6*c. Determine k(2).
-13
Let p(x) = x**2 - 12*x + 17. Suppose -4*o = -8, -4*o + 3 = l - 17. Let b be p(l). Let t(c) = 10*c - 49*c**2 + 8 + b*c**2 + 15*c**2 + 18*c**2. Determine t(-7).
-13
Let s(c) = -c**2 + 15*c - 39. Suppose 358 - 698 + 347 = v. Calculate s(v).
17
Let k be (-9)/54*9 + (-7)/(-2). Let z(l) = l - 1 - 7*l**k - 2*l + 0*l + 8*l**2. Determine z(0).
-1
Let c(p) be the second derivative of -p**5/20 + p**4/3 - 2*p**3/3 + 2*p**2 + 648*p. Calculate c(3).
1
Suppose 84 + 20 = 13*a. Suppose a = 2*d - 2*u - 0*u, -u = -2*d + 6. Let z(f) = -d - f + 22 - 1. Give z(0).
19
Let g(q) = 41*q + 11. Let i(f) = 78*f + 20. Let v(o) = 5*g(o) - 3*i(o). Let t(u) = 82*u + 14. Let c(d) = -3*t(d) - 8*v(d). Give c(-2).
26
Let t(s) = -2*s**3 + 4*s**2 - 6*s - 18. Let y be t(-4). Let x(v) = 107*v + 94*v - y*v + 10. Determine x(-6).
-8
Let l(j) = -4 - 437*j + 885*j - 449*j. What is l(-9)?
5
Let h(w) be the first derivative of -1/3*w**3 - 9*w + 192 + 0*w**2. What is h(0)?
-9
Suppose -5*y + 5*w + 20 = 3*w, -2*w = 10. Let q(r) = 6*r**2 - 72*r + 35*r + 29*r + 8 + r**3 + 2*r**y. Determine q(-9).
-1
Suppose 8 = 4*m + 3*c, 5*c + 4 = -m + 3*m. Let g(w) = 3 + 9*w**m - 23*w**2 + 5*w**2 - w**3 + w - 7*w. Calculate g(-8).
-13
Let t(w) = 43*w**2. Suppose 12*z - 2655 = 5*d + 13*z, 3*d = -5*z - 1593. Let v = 532 + d. Determine t(v).
43
Let k(m) = -17*m**3 + 21*m**3 + 21 - 5*m**2 - 3*m**2 + 14*m - 7 - 3*m**3. Give k(5).
9
Let k(y) = 2*y + 12. Let v(z) = 2*z - 1. Let t(n) = -10*n + 19. Let d(a) = -t(a) - 6*v(a). Let w(p) = 3*d(p) + 4*k(p). What is w(-7)?
-5
Let h(r) be the second derivative of r**5/120 + r**4/12 - 49*r**3/6 + r**2/2 + 74*r. Let d(f) be the second derivative of h(f). Determine d(-6).
-4
Let x(w) = -w + 4. Suppose -4*o = -5*o + 3*m - 9, -4*o + 4*m - 20 = 0. What is x(o)?
7
Let g be 30/8 - (-117)/(-156). Let x(r) be the second derivative of 0 + 1/6*r**g + 7*r - r**2. Give x(4).
2
Let d(t) = 10*t**2 - 12*t - 10. Let l(o) = -3*o**2 + 3*o + 3. Let p(g) = 2*d(g) + 7*l(g). Let b be (3/6)/(4/48). Let w be (-9)/b*(-40)/(-15). Give p(w).
-3
Suppose -2*m - 24 + 38 = 4*u, 4*u = -m + 17. Let y(v) = v**3 - 4*v**2 - 14*v + 22. What is y(u)?
-23
Let k(j) = -5*j**3 - 7*j**2 - 6*j - 3. Suppose -7 = 28*d + 59 - 10. What is k(d)?
21
Let a(q) = -18*q**2 + 14*q + 16. Let g(p) = -25*p**2 + 18*p + 22. Let d(w) = 11*a(w) - 8*g(w). Give d(-8).
48
Let x(f) = f**3 + 7*f**2 + 9*f + 21. Let v(j) = -38*j**2 - 160*j - 38. Let n be v(-4). Calculate x(n).
3
Let w(m) = -4 - 28 - m + 22 + m**2. Calculate w(3).
-4
Suppose 667 = x - 5*j, -4*x + 5*j = j - 2588. Let q(y) = -1 - 3*y**3 + 19*y**3 - x*y**2 + 644*y**2. Let o be (-7 + 8)/(2 + -1). What is q(o)?
17
Let g(y) = -13*y**3 + 9*y**2 - 200*y - 29. Let t(m) = 15*m**3 - 13*m**2 + 233*m + 28. Let j(c) = -7*g(c) - 6*t(c). Let w be -5 + 4 + 7*-2. Give j(w).
5
Let h(i) = -2*i + 7. Let x be (36/21)/(2/42). Let p = x - 47. Let l = p - -17. Give h(l).
-5
Let v(x) = 6*x - x + 3*x + 22 - 5*x. Let u(b) = -b - 11. Suppose -2*z - 2 + 6 = 0. Let d(a) = z*v(a) + 5*u(a). Determine d(6).
-5
Let k(l) = -260*l**2 - 784*l - 5. Let d be k(-3). Let j(o) = o**3 - 9*o**2 + 12*o - 5. What is j(d)?
-19
Let d(g) = -g**3 - 2*g**2 - 6*g - 6. Let z(v) = -v**3 - 3*v**2 - 6*v - 5. Let f(n) = -5*d(n) + 6*z(n). Let t = 412 - 419. What is f(t)?
-7
Let z(x) = -47*x**2 - 16 + 42*x - 18*x + 46*x**2. Determine z(23).
7
Suppose 4*h - h + 392 = 2*p, h = 5*p - 109. Let q be h/(-11) - (-34)/(-187). Let s(u) = -2*u + 7. Calculate s(q).
-17
Suppose 30*p - 33*p + 51 = 0. Suppose s - 4*b - 33 = 0, 5*s - 4*b + p = 102. Let m(c) = -4*c**2 + 0*c**3 - 5 + s - c**3 - 5*c**2. Give m(-9).
8
Let y(z) be the third derivative of z**4/6 - 8*z**3/3 - 4*z**2 - 6*z - 12. Determine y(3).
-4
Let o(t) = -17 - 7*t**2 + 15*t**2 + 4 - 21*t + t**3. Let b(s) = s**3 + 52*s**2 + 664*s - 97. Let a be b(-29). What is o(a)?
-3
Let t(k) = k + 1. Let j(n) = -n**2 + 2*n - 12. Let l(o) = 2*o - 4. Let c be l(5). Let m(a) = c*t(a) + j(a). Let u be 1*6/(-1) + (3 - -10). Determine m(u).
1
Let u(d) = 0 - 1 + 11852*d + 11842*d - 23679*d. Give u(2).
29
Let w(k) = -k**2 + 8*k + 12. Supp